 the second derivative of -v**4/12 + 4*v**3/3 - 7*v**2/2 - v. What is the units digit of q(5)?
8
Let w(r) = r**2 + 6*r + 3. Let q(k) = -k**2 - 7*k - 3. Let h(a) = 4*q(a) + 5*w(a). What is the units digit of h(-8)?
1
Let b = -5 - -26. What is the units digit of b?
1
Let w(g) = g**2 - 3*g. Let c be w(4). Suppose 0 = -4*j - c*t + 52, 2*j = 6*t - t - 2. What is the units digit of (-14)/(-3) - (-3)/j?
5
What is the units digit of 6/21 + (-356)/(-28)?
3
Let t(o) = -o**3 - 11*o**2 - 20*o - 14. What is the tens digit of t(-10)?
8
Let b(l) = l**2 - 2*l + 12. What is the units digit of b(-5)?
7
Let h(j) = -2*j**2 + 5*j + 6. Let n be h(5). Let p = n - -36. What is the tens digit of p?
1
Let v(g) be the third derivative of -g**4/24 - g**3/2 + g**2. Let p(i) = -i - 5. Let n be p(0). What is the units digit of v(n)?
2
Let t = -1 - -3. Let p be -3 + 2 + (1 - -3). Suppose -t - 16 = -p*s. What is the units digit of s?
6
Suppose 3*o = -2*o + 165. Let d be 1/3 + o/9. What is the units digit of ((-2)/(-6))/(d/36)?
3
Let l(x) = -6*x**3 - x**2 + 3*x - 1. What is the units digit of l(-2)?
7
Suppose -4*k = 5*q - 2*k - 18, 0 = 2*k - 8. Let n(b) = 11*b**2 - 3*b + 3. What is the units digit of n(q)?
1
Let x = 2 - 4. Let z be 6/9*(x - -5). Suppose j - z = -0. What is the units digit of j?
2
Let r(a) = -a**3 - a**2 - a - 2. Let d be r(-2). Suppose d*c - 8 = 80. What is the units digit of c?
2
Suppose 0*i - 12 = 5*i + 4*r, 5*r = -i + 6. Let h be (i/2 - -8)/2. Let x = 1 + h. What is the units digit of x?
4
Suppose 3*v - 143 = -2*j, -j + v = j - 147. What is the tens digit of j?
7
Suppose 2*m = 3*m - 8. Let h(r) = r - 5. What is the units digit of h(m)?
3
Suppose 3*l + l + 4*i = 0, 3*i = 2*l - 15. What is the units digit of l + -1 + (-96)/(-4)?
6
Suppose 4*a - 144 - 72 = 0. What is the tens digit of a?
5
Suppose 335 = 4*d + 4*r - 557, 3*r = -2*d + 445. What is the tens digit of d?
2
Let c(k) = -8*k + 12. Let h(u) = 1. Let p(b) = -c(b) + 12*h(b). What is the units digit of p(1)?
8
Let u(s) = -s**3 - 5*s**2 + 4*s + 24. What is the units digit of u(-6)?
6
Let b = 68 - 35. Suppose 3*f = 120 - b. What is the units digit of f?
9
Let d be 12/(-3*(-6)/135). Suppose -5*s + 0*s + d = 0. What is the tens digit of s?
1
Let m = 385 + -239. Suppose 2*l = 3*f + 1 - 110, 0 = -4*f + 2*l + m. What is the tens digit of f?
3
Let t(m) = 8*m**2 - 1. Let v(r) be the first derivative of r**3/3 + 5*r**2/2 + 5*r + 1. Let a be v(-4). What is the units digit of t(a)?
7
What is the tens digit of 7/35 + (-209)/(-5)?
4
Let d = -7 + 11. Suppose -8 = -6*b + d*b. What is the units digit of b?
4
Suppose 2*w + 12 = 4*d, -3*d + 2*w - 28 = -7*d. Suppose 5*q = -d*s - 30, 2*q - 3*s - 2 = -4. What is the units digit of -3*(24/9)/q?
2
Let p = 41 - -10. What is the tens digit of p?
5
Let a(x) = -3*x**3 + 5*x**2 + x - 7. Let q(k) = -2*k**3 + 2*k**2 - 4. Let m(n) = -3*a(n) + 5*q(n). What is the units digit of m(-5)?
6
What is the units digit of (2/6)/(4/468)?
9
Let q = 24 + -13. What is the units digit of q?
1
Let f = -17 + 30. What is the tens digit of f?
1
Suppose s + v - 5 = 3, 0 = s - 5*v + 10. What is the units digit of s?
5
Suppose 0 = -2*n + 6*n - 8. Suppose -5*w + 6*w = -n, 4*y - 2*w - 52 = 0. What is the units digit of y?
2
Let c(m) = -m**2 - 6*m + 2. Suppose y = -5 - 1. Let h be c(y). Suppose v + h*v - 15 = 0. What is the units digit of v?
5
Suppose 0 = -4*j + 2*j + 6. Suppose -2*p = 3*p - 20. Let b = p - j. What is the units digit of b?
1
Let d = -109 + 124. What is the tens digit of d?
1
Let z(x) = x + 1. Let u be z(-1). Suppose 0*n - n - 15 = u. What is the units digit of ((-4)/(-5))/((-6)/n)?
2
Let q be 6/(-3 - (-19)/6). Let f = 59 - q. What is the units digit of f?
3
Suppose 0 = 11*x - 6*x - 15. Suppose 59 = x*z + 11. What is the units digit of z?
6
Let q(o) = -o + 15. Let c be q(12). Suppose 138 = 5*f - 2*g - 29, 100 = c*f - g. What is the tens digit of f?
3
Suppose 0 = 2*v - 0*v - 114. What is the units digit of v?
7
Suppose 444 = 4*p - 40. What is the units digit of p?
1
Suppose 5*g = -318 + 1653. What is the units digit of g?
7
What is the tens digit of (-30)/(-4)*(-4)/(-3)?
1
Let p = 6 - 7. Let h be p/((-28)/30 + 1). What is the units digit of (-147)/h - (-3)/15?
0
Let q(t) = -t - 7. Let y be q(-7). Suppose y = v - 5*v + 88. What is the tens digit of v?
2
Suppose 705 = 3*j + 2*j - r, -3*r - 715 = -5*j. What is the units digit of j?
0
Let r(t) = 19*t - 1. Let d be r(-1). What is the tens digit of (-16)/(-10)*d/(-2)?
1
Let f(k) = 3*k**2 - 26*k - 2. What is the units digit of f(11)?
5
Suppose y + 1 - 3 = 0. Suppose g - z - 211 = y*z, g + 5*z - 171 = 0. What is the tens digit of (-1)/4 + g/16?
1
Suppose 0 = -3*u + 3, 3*m + 0*u - 70 = -u. What is the tens digit of m?
2
Let f(k) = -13*k - 4. Let y(d) = -27*d - 9. Let g(u) = 7*f(u) - 3*y(u). What is the units digit of g(-3)?
9
Let t(n) = -n**2 + 4*n + 1. Let m be t(6). Let x(h) = -h**3 - 12*h**2 + 12*h + 1. Let s be x(m). What is the units digit of s/(-16) - 3/4?
5
What is the units digit of -3 + (-3)/(-9)*183?
8
Suppose 3*p + 122 = q, -q + 4*q + 180 = -5*p. Let r = p - -60. What is the units digit of r?
1
Let f be -7 - (3 + (-3 - 1)). What is the units digit of ((-3)/2)/(f/72)?
8
Suppose 4*a - 5*s + 6 = 0, -2*s + s + 4 = 2*a. Let u = a + -2. Let m = 7 + u. What is the units digit of m?
6
Let w(d) = -2*d - 31. Let z be w(-18). Let i(a) be the third derivative of a**5/60 - a**4/12 - 7*a**3/6 - a**2. What is the units digit of i(z)?
8
Suppose -3*a + 4*a = 35. What is the units digit of a?
5
Suppose 4 = 6*f - 4*f. Suppose f*g = -3*g + 35. Let v = g + 9. What is the units digit of v?
6
Suppose -2*g = -g - 3. Suppose -2 = -2*q - 4*l, 10*q = 5*q + g*l + 70. What is the tens digit of q?
1
Let k(i) = i**2 + 4*i. Let u be k(-5). Suppose m = -m - 3*c + 53, u*c = m - 20. What is the units digit of m?
5
Suppose 2*f + 3*r - 32 = 0, 5*f - 2*r - 44 = 36. What is the tens digit of (2 + f)/((-3)/(-6))?
3
Suppose 0 = 5*t + 6 - 16. Suppose 0 = -h - t*h + 24. Suppose h = p + p. What is the units digit of p?
4
Let g(f) = 3*f**3 + f**2 + 0*f**2 - 7 - 2*f**3 + f - 11*f**2. Let w be g(10). Suppose 10 + 2 = w*s. What is the units digit of s?
4
What is the tens digit of ((-9)/6)/((-9)/78)?
1
Let n = 114 - 37. What is the tens digit of n?
7
Let l(t) = -3*t**3 + t. Let p be l(-1). Let b(m) = -p*m**2 - 2*m + m**2 - 6*m. What is the units digit of b(-7)?
7
Let t = 10 + 27. What is the units digit of t?
7
Let g be (-15)/6*(-72)/20. Suppose 0 = 2*f - 3*f + 2*u - g, f - 5*u + 21 = 0. What is the units digit of f/(-3)*3 - -4?
5
Let j(p) = p**3 - 6*p**2 - p + 4. Let u be j(5). Let m = u + 36. What is the tens digit of m?
1
Let l be (-3)/4*(-8)/(-2). Let h(k) be the second derivative of k**5/20 + k**4/4 - k**3/3 + 3*k**2/2 - 2*k. What is the units digit of h(l)?
9
Let o be 1/2*5*-2. Let c(g) = -2*g - 4. What is the units digit of c(o)?
6
Let w = -446 - -661. What is the units digit of w?
5
Let o(s) be the third derivative of s**5/60 + s**4/6 + 5*s**3/6 - 3*s**2. What is the units digit of o(-5)?
0
What is the tens digit of (-15 - 1)*14/(-8)?
2
Suppose 2*c = -2*c + i + 13, 4*c - 10 = 2*i. Suppose -c*n = -n - 45. What is the tens digit of n?
1
Let d = -38 + 60. What is the units digit of d?
2
Let r = 42 - 17. Let i(f) = f**3 - 2*f**2 + f + 2. Let x be i(3). Let n = r - x. What is the units digit of n?
1
Let m be 76/(-18) - 4/(-18). Let y be 1/m - (-6)/24. Suppose y*o + 2*o - 12 = 0. What is the units digit of o?
6
Let f(r) = r**3 - 12*r**2 + 10*r - 23. What is the tens digit of f(12)?
9
Let u(y) = -y**3 - 15*y**2 - 18*y + 6. What is the units digit of u(-14)?
2
Let b(n) = -n**3 + 4*n**2 - 2*n - 1. Let d be b(2). Let s(y) = y**3 - 2*y**2 - 2*y. What is the units digit of s(d)?
3
Let k be -1 - (-1 + 3 + 3). What is the units digit of 4/k*(-1 - 8)?
6
Let l = -4 + 10. What is the units digit of l?
6
Let p = 3 - 4. What is the units digit of (p - (-27)/3)*1?
8
Suppose -6 = -a - m, 4*m + 2 = a + 6*m. What is the units digit of a?
0
Let k(r) = -4*r - 1. Let g(u) = 2*u + 1. Let h be 4/((-12)/(-9))*-1. Let w(q) = h*k(q) - 5*g(q). What is the units digit of w(3)?
4
Let s(z) be the second derivative of z**5/20 - 3*z**4/4 + 3*z**3/2 - 5*z**2/2 + 13*z. Let u be 16/(-3)*9/(-6). What is the units digit 